te?
True
Let b(u) = u**2 + 7*u + 9. Let a be b(-6). Suppose -3*d = 2*d + 4*w - 975, -d = a*w - 206. Is d prime?
True
Let d(p) be the second derivative of -5*p**3/6 + p**2/2 - 2*p. Is d(-6) prime?
True
Let x be (8 - 9) + 0 + 4. Suppose 0 = -0*y - x*y + 1239. Is y a composite number?
True
Suppose 4*c + 2*i + 2*i = -16, c + 4*i + 10 = 0. Let b be -2 - 1*(c + 72). Let f = b + 183. Is f composite?
True
Let t = 38 - 23. Suppose -o + q - 6 = 0, 32 + 0 = -4*o + 2*q. Let c = t - o. Is c composite?
True
Let w = -305 + 211. Is w*1*(-3)/6 composite?
False
Suppose l - 3*p = 695, 6*l - 7*l = -2*p - 697. Is l a prime number?
True
Suppose 12 = -4*c, -4*w + 1448 = -c - 5663. Is w a prime number?
True
Let l(j) = 13*j**2 - 2*j - 1. Is l(-2) a prime number?
False
Let g(v) = v**3 - 5*v**2 - 5*v - 8. Let k be g(6). Let o(m) = -m**3 + 2*m + 3. Let j be o(k). Suppose 35 - j = 2*u. Is u prime?
False
Suppose 4*s = 2*a + 52, -5*a + 3*a - 40 = -3*s. Let l be (0 - 0)*4/s. Suppose -5*m + 325 = -l*m. Is m composite?
True
Let h(x) = 18*x**3 - 2*x**2 - 2*x + 5. Is h(3) a composite number?
False
Let z be (20/(-25))/((-2)/10). Suppose 0 = -o - z*o + 115. Is o composite?
False
Let d(a) = a**3 + 3*a**2 + 3*a - 6. Is d(4) a prime number?
False
Let f(z) = -3*z + 2. Let u be f(6). Is ((-8)/u)/(2/52) prime?
True
Let z = 172 - 53. Suppose -3*f = 14 - z. Is f prime?
False
Suppose -5*f + 0*f + 4*j = -1043, 4*j - 856 = -4*f. Is f a composite number?
False
Suppose 0 = -x + 10 + 28. Let n = x - -15. Is n a prime number?
True
Let u(i) = 15*i**2 - 4*i + 2. Let o be u(4). Suppose -2*m + 6*m + 5*y - 31 = 0, 5*m + 4*y - 32 = 0. Suppose -2*l + h = -133 + 21, -m*l = -3*h - o. Is l prime?
False
Let b(r) = -r**3 + 12*r**2 - 4*r + 14. Let f be b(10). Suppose -4*y = -n + y + f, -278 = -2*n - 4*y. Is n composite?
False
Suppose 3*h - 21 + 6 = 0. Suppose h*q - q - 892 = 0. Is q composite?
False
Suppose 0 = s + 2*s - 3. Let l(p) = -s - 3*p + 0*p + 2 - 4 + 5*p**2. Is l(-3) prime?
False
Is (-2)/6 + -1154*2/(-3) a prime number?
True
Suppose 872 = 4*m - 132. Is m composite?
False
Let q(d) = -4582*d**3 + 2*d**2 - 4*d - 5. Is q(-1) a composite number?
False
Let x(w) = 3*w**2 - w - 6. Is x(-4) a composite number?
True
Let r(d) be the first derivative of 4*d**3/3 - d**2 - 3*d - 4. Is r(5) a composite number?
True
Let b(f) = 2*f**3 + 2*f**2 - 11*f - 8. Is b(7) prime?
False
Let c(h) = -h + 15. Let l be c(9). Suppose 475 = l*u - u. Is u prime?
False
Suppose 2*l = i + 112, -4*i - 524 = i + 2*l. Let m = i + 183. Is m a composite number?
True
Let x = 234 - 39. Suppose o - 4*o = -x. Is o a composite number?
True
Suppose -x = -5*x. Suppose -3*w + w + 174 = x. Is w prime?
False
Let w = 991 + 830. Is w prime?
False
Suppose -5*b = 5*j - 2035, 2*b = -0*b - 3*j + 814. Let l = 221 + b. Suppose 6*d - l = 2*d. Is d prime?
True
Let m(s) = -3*s**3 - 3*s**2 + 5*s + 3. Let t(z) = -2*z**2 - z. Let g be t(1). Let n be m(g). Suppose -u + n = 5*p + 2*u, -4*p - 4*u + 40 = 0. Is p prime?
False
Suppose 90 = 4*k - 6. Let v = -5 + k. Is v prime?
True
Let v = -3217 + 5850. Is v prime?
True
Suppose 5*h - 2*g = 7, 5 = -h - 2*g + 4*g. Suppose 5*m = t - 203, h = -2*t + 2*m + 369. Is t composite?
True
Let m(y) = -24*y - 82. Is m(-16) composite?
True
Let f(v) = 62*v + 4. Let d be f(3). Let w be d/(-8)*(-7 - 1). Suppose 0 = -4*p - p + w. Is p a composite number?
True
Is 3 + 138 + (8 - 4) prime?
False
Let p(k) = 18*k**3 - k**2 + 7*k + 1. Is p(3) a composite number?
False
Let k = 674 - 381. Is k composite?
False
Let m = 389 - 271. Is m a composite number?
True
Suppose 5*s - 4*z - 4597 = 0, 3692 = 4*s + 2*z + 2*z. Is s a prime number?
False
Is (2/6)/((-3)/(-639)) composite?
False
Let p(u) = -90*u. Let q be p(1). Let n = 161 + q. Is n a prime number?
True
Let v = -342 + 809. Is v prime?
True
Suppose 32 = 5*r + 5*d - 3, -4*d - 71 = -5*r. Let q be -3 + (-1 + 4)/3. Let g = r + q. Is g composite?
True
Let f(p) = -p**2 + 1. Let a(g) = 2*g**2 - 8*g - 8. Let v(x) = -a(x) - 3*f(x). Is v(-12) a prime number?
True
Let r(d) be the third derivative of -d**5/60 - 11*d**4/12 + 7*d**3/6 - d**2. Is r(-12) prime?
True
Let l = 3 - -5. Let o = l + -6. Suppose z - 24 + 3 = -o*j, -5*j = -5*z + 135. Is z a prime number?
False
Suppose 0 = -2*v - 2*v + 4, -4*o + 4*v + 620 = 0. Suppose o = -r + 5*r. Is r a prime number?
False
Suppose 886 = 2*y - 5*k, -4*y - 5*k + 1329 = -y. Suppose -g - 2*b = -71, 5*g - 4*b + 32 = y. Is g a prime number?
True
Let d(n) be the first derivative of n**2 + n - 1. Let k be 3*-1*(-2)/6. Is d(k) a prime number?
True
Let u be -2 + 2 + -3 + 2. Is -2 - 19/u - -2 prime?
True
Suppose 3*n = -5*p - 7, 0 = -4*p - 0*n + n + 8. Let x(a) = 5*a**3 - a + 1. Let j be x(p). Suppose -2 = q - 0, -160 = -2*r - j*q. Is r prime?
False
Let g(y) = y**3 - 2*y**2 - 12*y + 14. Let h(v) = -v**3 + v**2 + 13*v - 15. Let n(p) = -5*g(p) - 4*h(p). Let d be n(7). Is 25*d*1/(-5) composite?
True
Suppose -g = 3*g. Suppose 84 = m - 2*m - 5*v, g = 4*m + 3*v + 268. Let x = m - -89. Is x a composite number?
True
Is (-3 - 0)*-82*(-4)/(-8) prime?
False
Let h = 820 + -563. Is h a prime number?
True
Let g(s) = -5*s**2 - 1 + 0*s**3 + 1 + s**3 + s. Let p be g(5). Suppose -15 - 10 = 5*h, -5*r = -p*h - 350. Is r a prime number?
False
Suppose j - 2*j = 0. Suppose 0 = -9*i + 4*i + 20. Let n = i - j. Is n a prime number?
False
Let r(x) = x**3 + 11*x**2 - 3*x + 3. Let v be r(-5). Suppose -o - 4*i + i = -148, i = o - v. Is o a composite number?
False
Let u(y) = y + 8*y - 6*y - 5*y**2. Let f be u(-6). Let v = f - -341. Is v a prime number?
False
Let s = 476 - 317. Is s a composite number?
True
Suppose -26 = -3*t + 31. Is t a prime number?
True
Is (13/(-39))/(2/(-498)) prime?
True
Let a = 5 + -5. Suppose y - 18 = -a. Suppose 0 = -2*r - r + y. Is r prime?
False
Let s be (-2)/9 - 4/(-18). Let k = s - -2. Suppose -k*w = 4*g - 86, -83 = -0*g - 4*g + w. Is g prime?
False
Suppose 3*v - 181 = -a, a - 20 = -4*a. Let s = -8 + v. Is s prime?
False
Let r = 49 - 120. Let y = r + 124. Is y a prime number?
True
Suppose 3*s + 4*o = 5*o + 8, -o = 2. Let w be (1/s)/(3/12). Suppose -2*t = -0*t - 3*j - 86, -66 = -2*t - w*j. Is t a composite number?
False
Suppose 3*u - 9 = 0, -4*u + 277 = -0*a + 5*a. Is a a composite number?
False
Let r(y) = -4*y. Suppose 3 = w + 2*x, 2*x = w - 2*x + 9. Let d be r(w). Let c(a) = 2*a + 5. Is c(d) composite?
False
Let r be (27/(-6))/(3/(-126)). Suppose 3*v + 6 = 0, 4*n + 651 - r = -3*v. Let x = n - -163. Is x a composite number?
True
Let n be (-6)/(-2*2/2). Let b = n - 20. Let z = b + 31. Is z prime?
False
Is 3/(-4*(-6)/2008) composite?
False
Suppose -132 = -4*b + 996. Suppose 0 = -o + b - 79. Is o composite?
True
Let c be 1/(-3) - 1/(-3). Let u(m) = m**3 - m**2 + m + 4. Let g be u(c). Let p(k) = 21*k + 5. Is p(g) a prime number?
True
Let h(m) = m**2 - 5*m + 7. Let q be h(5). Let v = q - 5. Suppose -9 = v*c - 75. Is c prime?
False
Suppose 7740 = 5*t + 1835. Is t a composite number?
False
Let d(c) = -c**2 - 4*c - 3. Let h be d(-2). Is 133*(2 - h) + 0 a composite number?
True
Suppose -4*u + u + 2073 = 0. Is u prime?
True
Is 53/4*(6 - 2) prime?
True
Let n(s) = 16*s**2 + 34*s - 28. Let d(z) = -5*z**2 - 11*z + 9. Let i(l) = -10*d(l) - 3*n(l). Is i(-8) composite?
True
Let a(h) = -h**2 - 16*h - 13. Let f be a(-13). Suppose 6*z = 4*z + f. Is z a composite number?
False
Suppose -215 = -5*r + 5*o, -r - 3*o + 48 - 1 = 0. Is 6/8 + 231/r composite?
True
Let y = -5 + 7. Suppose -y*d - 2*d = -92. Is d a prime number?
True
Is (-3)/((-18)/4838)*3 composite?
True
Suppose 3*w = 2*h - 2192, -2*w = -5*h - 0*w + 5491. Is h a prime number?
False
Let i = -131 - -374. Let u = i - 128. Is u composite?
True
Let k(x) = x**2 + 7*x + 4. Let l be k(-6). Is 1435/10 - l/(-4) a prime number?
False
Let n(y) be the third derivative of y**6/120 + y**5/15 - y**4/12 - y**3/3 - 3*y**2. Suppose k + 3*g - 9 = -0*k, 5*k + g + 11 = 0. Is n(k) a prime number?
True
Suppose -14 = -d - 2*d + q, -5*d - 5*q = -50. Let b = d + -4. Suppose h = b*h - 163. Is h a prime number?
True
Let j(u) = -u**3 + 14*u**2 - 18*u + 13. Let p(d) = 5*d + 2. Let k be p(2). Is j(k) prime?
False
Let x(y) = 296*y - 3. Is x(1) prime?
True
Let r(g) = 243*g**2 + 19. Is r(-4) prime?
True
Let t = -37 + 2. Let d = t + 72. Is d a composite number?
False
Let f(o) = o -